 1065. Let w = -1047 - m. Suppose -4*d - 2*i + 596 = 0, w + 232 = 5*d + 4*i. What is the tens digit of d?
4
Suppose -5 + 125 = 6*u. What is the hundreds digit of 708/4*(1 - u/(-12))?
4
Suppose 5 = k + 7. Let s be ((-1130)/5)/(4/k). Suppose 5*b = -5*y + 420, -s = -y - 3*b - 31. What is the tens digit of y?
8
Let o(g) = 166*g**2 - 384*g - 6413. What is the units digit of o(-17)?
9
Let p(t) = t**3 - 8*t**2 + 5*t + 14. Let m be p(5). Let y = -26 - m. Suppose -5*a = -2*z - 3*a + y, -3*z + 2*a + 18 = 0. What is the units digit of z?
8
Let o(p) = 429*p - 4288. What is the tens digit of o(77)?
4
Let u be -1 - (-1)/(5/20). Suppose 0 = u*j + 4*y - 2350, -j - 174 = y - 958. What is the tens digit of j?
8
Suppose 5*v = -3*p + 121436, -88*v - 14 = -90*v. What is the units digit of p?
7
What is the ten thousands digit of 8/((-11)/((-718905)/10)*1)?
5
What is the tens digit of 2/11 + (-19498740)/(-924) + 52/182?
0
Suppose -5*y - 5*w = -3520, 4*w + 609 = 3*y - 1531. What is the units digit of y?
8
Suppose -2*c - g = -15046, 4*c - 5*g - 11072 - 19034 = 0. What is the units digit of c?
4
Suppose -253428 = -407*l + 395*l. What is the hundreds digit of l?
1
Suppose 0 = -5*d + 5*q + 230, -4*d + 80 = 4*q - 80. Let s = d - 40. Suppose -c = -n + 25, -3*n - 2*n + 135 = -s*c. What is the units digit of n?
0
Let x = -6966 + 12823. What is the hundreds digit of x?
8
Suppose 0 = -40*d + 37*d - 2*t + 13500, -24 = -4*t. What is the hundreds digit of d?
4
Let v = -4831 + 8807. What is the units digit of v?
6
Let u = 132 - 118. Let c(y) = 12*y + 44. What is the units digit of c(u)?
2
Let s(a) = 3*a**2 - 21. Suppose q + 477 = -5*f - q, f + 3*q = -85. Let m = f - -92. What is the tens digit of s(m)?
5
Suppose -1677 = 3*u + h, -h - 1104 = 2*u - 5*h. Let q = u + 794. Suppose q = 56*b - 52*b. What is the tens digit of b?
5
Suppose -708 = -3*z + 2*z - 2*b, 2856 = 4*z - 4*b. Suppose -v - 2*i = -5*v + 1408, -2*v = 3*i - z. What is the units digit of v?
3
Let c = 69 + -469. Let k = -396 - c. What is the units digit of k?
4
Let d be 25696/84 + 22/231. Suppose -d = -o + 3*y, -7*o + 1530 = -2*o + 4*y. What is the tens digit of o?
0
Let m be 23/((-23)/(-18)) - 2. Let l(x) = -x**3 + 3*x + 1. Let q be l(-2). Suppose 17 = 2*u + q*y - m, 3*u - 4*y = 24. What is the units digit of u?
2
Suppose 3*p = -8*p - 11. What is the hundreds digit of (p + 324)/(-38 + 39)?
3
Suppose 0*m = 5*m - 3*n - 94, -n = -2*m + 38. Suppose m*w - 22*w + 1190 = 0. What is the units digit of w?
5
Suppose -6*k + 3*k - 27 = w, -4*w - 12 = 0. Suppose -3*t - 3*j + 48 = 0, -4*j - 34 - 82 = -5*t. What is the units digit of t/5 - 3 - k?
9
Let a(i) = -6*i - 2. Let j be a(3). Let r be j/(8 - 3) + 11. Suppose -4*z - r = -23. What is the units digit of z?
4
Suppose 24*q = 6779 + 5077. What is the units digit of q?
4
Suppose -30 = 132*b - 127*b. Let f(a) = -3*a**2 - 20*a - 6. Let c be f(b). Suppose -c*k = -2*k - 120. What is the tens digit of k?
3
Let b(s) = -20*s - 25. Let r(l) = 7*l + 8. Let a(q) = 6*b(q) + 17*r(q). Let j = -36 - -21. What is the units digit of a(j)?
1
Let s(k) = 25*k - 85. Let h(v) = -50*v + 171. Let x(j) = 2*h(j) + 5*s(j). What is the hundreds digit of x(8)?
1
Let j(c) = 97*c**2 + 33*c - 392. What is the thousands digit of j(11)?
1
Let o(f) = 569*f + 736. What is the tens digit of o(7)?
1
Let w(g) be the first derivative of -27*g**4/2 - g**3/3 + g**2 - 3*g + 136. What is the tens digit of w(-2)?
2
Let k(i) = -19*i - 116. Let s(l) = -18*l - 115. Let x(r) = -3*k(r) + 4*s(r). What is the tens digit of x(-10)?
3
Suppose 2*b + 417 = -2*g - 39, 0 = 5*b + g + 1140. Let w = 241 + b. What is the tens digit of w?
1
Let v(t) = -298*t - 190. Suppose -3*x - 2*x + 32 = -3*a, -3*a = 2*x + 4. What is the thousands digit of v(a)?
1
Suppose 0 = -2*z + 2*x - x + 1, 4*z + 2*x = -2. Let g = z + -50. What is the units digit of (g*2)/((-3)/3)?
0
Let x(v) = v + 74. Let c = -73 - -75. Let m be 0*(10/(-12) + c/6). What is the units digit of x(m)?
4
Let v be 2*(209/(-3) - 10/30). Let o = 436 - v. What is the hundreds digit of o?
5
Let d = 9 + 5. Let k = -20 + d. Let x = 63 - k. What is the units digit of x?
9
Let m = 111 + -2. Let b(p) = p**2 + 27*p - 62. Let x be b(-30). Let l = x + m. What is the tens digit of l?
3
Let r(q) = 2*q**2 - 79*q + 114. Let p be r(38). What is the units digit of (p + (-2260)/2)*64/(-128)?
5
Let s = 7855 - 7549. What is the tens digit of s?
0
Suppose -56*u + 1766460 + 1031690 = 455334. What is the tens digit of u?
3
Suppose 28*s - 140435 - 97933 = 4*s. What is the tens digit of s?
3
Let l = -2005 - -12659. What is the thousands digit of l?
0
Let t(u) = 2163*u + 411. What is the hundreds digit of t(2)?
7
Suppose 22*a - 4138 - 19182 = 0. Let l = 115 + a. What is the thousands digit of l?
1
Let p = -16762 - -63727. What is the ten thousands digit of p?
4
Let m(a) = a**2 - a - 11. Let b be m(5). Let k = b + -7. What is the units digit of 18*-16*k/(-12)?
8
What is the units digit of (-30 - (-4 + 2))*7334/(-76)?
2
Let d be (-5 + 4)/(7/(-35)). Suppose d*o - 3*u - 5250 + 834 = 0, o - 888 = -u. What is the units digit of o?
5
Let l(n) = 6514*n**2 + 60*n - 60. What is the units digit of l(1)?
4
Let x(b) = 171 - 27 + 46*b - 18 - 73*b + 228. What is the hundreds digit of x(0)?
3
Let p = -2661 - -4035. What is the units digit of p?
4
Suppose 19*q - 22052 = 17*q + 2*o, -3*q + 33064 = 4*o. What is the ten thousands digit of q?
1
Let h = -89 - -92. Suppose -h*w + 35 = 4*w. Suppose -4*l + 716 = -k, w*l - 4*k = 2*l + 550. What is the units digit of l?
8
Suppose 3*h - 53719 = 39639 + 33404. What is the thousands digit of h?
2
Let u(t) = -7*t**2 + 44*t - 54. Let a be (-2)/24*-3 - 38/(-8). Let n(h) = 5*h**2 - 29*h + 36. Let c(o) = a*u(o) + 8*n(o). What is the hundreds digit of c(6)?
1
Let r(m) be the first derivative of -13*m**2/2 - 11*m - 49. What is the units digit of r(-5)?
4
Let q(k) be the first derivative of k**3/3 - 31*k - 8. Let l be q(-7). Suppose -5*s - 30 = -5*b, 2*b = s - 5*s - l. What is the units digit of b?
1
Suppose 11*m = 175 + 23. Suppose -m = -2*z + 270. What is the hundreds digit of z?
1
Suppose -4*m = -2*d + 6*d - 20, 2*m - 14 = -3*d. What is the hundreds digit of 111 - d - (-15 + 9)?
1
Let l(d) be the third derivative of 0*d + 10*d**2 + 0 + 13/6*d**3 + 3/8*d**4. What is the units digit of l(6)?
7
What is the tens digit of 0 - 11*(24 + -2581)?
2
Let c(y) = y**2 - 215*y + 1015. What is the ten thousands digit of c(-124)?
4
Let y(c) = c**3 + 2*c**2 + 2*c + 61. Let f be y(0). Let r = f - 57. Let o = 22 + r. What is the tens digit of o?
2
Let j(a) = -a - 1. Let s = -4 - -6. Let k be (-4)/(0/(-3) + s). What is the units digit of j(k)?
1
Let k = 26539 + -39187. What is the tens digit of 2/(-2 + 12) - k/60?
1
Let o = 15 - 14. Let v be (0 - 1)/(o/(-82)). Suppose 5*g - 3*z - 410 = z, g = -3*z + v. What is the units digit of g?
2
Let g(f) = 2*f**3 - 1470*f + 19 + 15*f**2 - 3*f**3 + 1469*f. Let q be g(15). Suppose y + 494 = 4*s, q*y + 500 = 4*s - 0*s. What is the hundreds digit of s?
1
Suppose -20 = -2*h + 3*u - 5, -15 = -5*u. Suppose 4*o = h - 0. Suppose -2*p = 5*b - 519, -o*b + 99 = -2*b - 2*p. What is the hundreds digit of b?
1
Let y(r) = 14*r + 147. Let l(a) = -5*a - 49. Let n(x) = 11*l(x) + 4*y(x). Let d be n(-26). Let v = 53 + d. What is the units digit of v?
6
Suppose -4*y - 3*m = -m - 8760, 0 = y + m - 2189. Suppose y = 3*n - 995. What is the thousands digit of n?
1
Let g(j) = 65*j - 47*j + 2*j**2 - 12 - 22. What is the units digit of g(12)?
0
Let q(k) = 16*k**3 + 2*k + 5. Suppose 39 = 24*w - 11*w. What is the hundreds digit of q(w)?
4
Let g = 230 + -227. What is the units digit of g + (-6)/((-24)/740)?
8
Let z = 75481 - 47359. What is the units digit of z?
2
Let m(f) = 4*f. Let j be m(-2). Let b be 1*(-4)/(j/(-2)). Let u(d) = -16*d**3 - d**2. What is the units digit of u(b)?
5
Let w be -1 + 1 + (2 - -20). Let d(z) = -z**2 - 37*z + 164. Let q be d(-41). Let b = q + w. What is the tens digit of b?
2
Let u be 6219/(-45)*(-15)/6*2. Suppose -u = -2*c - n, -5*c = -4*n - 1203 - 518. Suppose i + 33 = 3*b - 174, c = 5*b - i. What is the tens digit of b?
6
Suppose -2*h - h - 126 = 4*c, 3*h = 2*c + 54. Let u(o) = -o**3 - 31*o**2 - 30*o + 48. What is the tens digit of u(c)?
4
Let h = 652 - 793. Let k = 196 + 5. Let f =